is the greatest common divisor of 1416 and f?
24
Let x = 267 - 159. Let i = x + -49. Suppose 5*c = -5*m + 580, -273 = -3*m - 4*c + 73. What is the highest common factor of m and i?
59
Let f = 43 - 19. Let k(u) = 5*u - 1. Let s be k(2). Let v be s/((-27)/30)*(-324)/15. Calculate the highest common divisor of v and f.
24
Suppose 5*q - 2*z + 3 = -5*z, -4 = 4*q + 4*z. Suppose q = -39*w + 79 + 77. What is the greatest common factor of 352 and w?
4
Let i = -13 - -23. Let k = -4 + i. Suppose 5*q - j + 170 = 9*q, j = -5*q + 212. Calculate the greatest common factor of q and k.
6
Let v(u) = 231*u - 673. Let j be v(3). What is the highest common factor of j and 17?
1
Let k be (-7497)/(-7) + (4 - 4)/2. Calculate the greatest common factor of k and 238.
119
Suppose -159*h = -37*h - 4026. Calculate the greatest common divisor of 143 and h.
11
Suppose 4*d = -s + 6*d + 16, 0 = 2*s + 4*d - 8. Let w(y) = -y**3 + 87*y**2 - 484*y - 160. Let h be w(81). Calculate the greatest common divisor of h and s.
2
Let h(v) = 0 - 5*v + 3*v + 24 + 8. Let t be h(0). Let k be (t/(-1) + 4)*-1. What is the greatest common divisor of k and 42?
14
Let i = 38 + 1. Let r = 354 - 340. Suppose 390 = -r*x + 19*x. What is the highest common divisor of x and i?
39
Let h(o) = o**2 - 7*o + 2. Let j be h(7). Let q be (0 + (32 - -8))/(j + -1). What is the greatest common factor of 5 and q?
5
Suppose 7*u - 6*u = 54. Let w = u - 51. Suppose h + w*q + 80 = 2*h, 0 = 4*q - 20. Calculate the greatest common divisor of h and 38.
19
Suppose -2*r = -6*r - 8. Let l = r + 17. What is the highest common divisor of l and 3?
3
Let l(u) = -u + 57. Let z be l(37). Let p be (-462)/(-98) + 2/7. Suppose 2*y - p*y + 660 = 0. Calculate the highest common factor of y and z.
20
Let d(k) = -23*k**3 - 21*k**2 - 10*k + 3. Let j be d(-3). Calculate the highest common divisor of 15 and j.
15
Let w be (-386)/30 - 42/315. Let q(z) = z**2 - 3*z - 84. Let j be q(w). What is the greatest common divisor of j and 31?
31
Suppose -m - 14 = -4*m - 2*h, 4*h = m. Suppose 27 + 5 = 2*r - 3*o, 5*o - 20 = -m*r. Suppose 22*d - 240 = 19*d. What is the greatest common divisor of r and d?
10
Suppose 307216 = 210*l + 15*l - 43*l. What is the greatest common factor of l and 72?
8
Let y be 26/(-52) + 162/4. Suppose -36*z - 1188 = -y*z. Calculate the greatest common factor of 33 and z.
33
Suppose 11*d = 14*d - 12. Suppose -2*n - d*n - 42 = 0. Let g = n + 19. Calculate the highest common divisor of 4 and g.
4
Suppose -7154 = 8*t + 17966. Let b be 0 + (-3 - t/4). Calculate the highest common factor of b and 34.
34
Let i = -190 - -199. Suppose -i*t + 977 = 32. Calculate the greatest common factor of 30 and t.
15
Let o be 27/9*(-5)/(-3). Suppose -91*k = -5*r - 89*k + 775, -o*k = -r + 155. Calculate the greatest common factor of r and 217.
31
Let d(j) = 76*j + 1622. Let p be d(-17). Calculate the highest common factor of p and 1540.
110
Suppose 8*c + 9*c = 391. Suppose 0 = -c*g + 2 + 44. What is the highest common divisor of 10 and g?
2
Suppose 82*d + 855 = 91*d. What is the highest common factor of d and 6023?
19
Let d(l) = -136*l - 1848. Let o be d(-21). Calculate the greatest common factor of 45 and o.
9
Let o = -7116 - -9051. What is the greatest common factor of 1720 and o?
215
Suppose 6*n + 276 = 3*r + 2*n, 4*r - 368 = -n. Suppose 2*c + 0*l - 158 = -5*l, 3*l - 12 = 0. What is the highest common divisor of c and r?
23
Suppose k = -3*x + 403, 5*x - 2*k - 981 = -291. Let q = 327 + -323. Suppose q*h - 44 = x. What is the greatest common factor of h and 60?
15
Let m(l) = 3*l - 1. Let u be m(4). Suppose -36*v + 107 = -73. Suppose 0 = 2*o - 4, 2*o = -v*z - 0*o + 444. What is the highest common divisor of u and z?
11
Suppose -167*i + 3696 = 64*i. Calculate the highest common factor of i and 2608.
16
Let p(l) = 3*l + 7. Let s be p(6). Suppose 4*r + 100*r = 1040. What is the highest common factor of r and s?
5
Let c = -541 - -552. Suppose -7*z = -102 + c. What is the highest common factor of 689 and z?
13
Suppose -3*v = 2*v - 15. Let b = 198 + -190. Let a be (12 + -6)*12/b. Calculate the highest common divisor of v and a.
3
Let b(h) = 53*h + 21. Let t be b(3). Let k = t + -170. What is the greatest common divisor of 35 and k?
5
Let h = 1312 - 245. Let r = 1081 - h. Let f = 21 - 14. Calculate the greatest common divisor of r and f.
7
Let q(m) = 10*m**2 + m + 150. Let c be q(9). Calculate the highest common divisor of c and 459.
51
Let c(y) = 4*y**3 + 3*y**2 - 1. Let n be c(-3). Let i = -68 - n. Suppose -17*d = -i*d - 3. What is the greatest common factor of 7 and d?
1
Suppose r + m - 672 = 0, 0 = 13*r - 14*r + 4*m + 672. Calculate the highest common factor of 105 and r.
21
Let n be (-1)/(1 + (-476)/477). Let u = 837 + n. Suppose 0 = -7*r + 2*r + u. Calculate the greatest common factor of 9 and r.
9
Let f = 55 + -49. Suppose 39 = f*a + 3. Let s be 44/6*a - -4. What is the greatest common factor of 64 and s?
16
Suppose -4*r = -5*u - 2435, 18*r - 4*u = 15*r + 1826. What is the highest common factor of 370 and r?
10
Let c be ((-3164)/3)/7*21/((-63)/9). What is the greatest common divisor of c and 3?
1
Suppose 6*r = 13*r. Suppose r = -7*c - 59 + 108. Calculate the highest common factor of c and 21.
7
Let c = 1675 + -1486. Suppose 0 = -5*s + s + 56. What is the greatest common factor of c and s?
7
Suppose 56 = -41*h + 48*h. Suppose h*i + 5*w + 1136 = 12*i, 0 = 3*i - w - 863. What is the highest common divisor of 17 and i?
17
Let b be -14 + -9 + 31 + 8. What is the greatest common divisor of 208 and b?
16
Let i = 146 - 363. Let c = 235 + i. Calculate the greatest common divisor of 24 and c.
6
Let t be (2/(-9) - (-205)/(-90))*-8. Let c be (-28)/(-168) - ((-308)/24 + 3). What is the greatest common divisor of c and t?
10
Suppose 5*h - 166 = 99. Suppose -33*q = -54*q + 10017. Calculate the highest common factor of h and q.
53
Suppose 3*j + 9 = 3*n, 5*n - 4*n + 3 = 4*j. Suppose j*f - c = 523, -7*f + 2*f + 4*c + 1300 = 0. What is the greatest common divisor of f and 24?
24
Let p(j) = -3*j**2 - 8*j + 10. Let k be p(0). Let w = 1 - -1. Suppose 4*u = w*u + 100. What is the highest common divisor of u and k?
10
Suppose -5*k = p - 25, -6*p + 2*p + 3*k = -8. Suppose -3*s - 3*v = -6*s + 711, -945 = -4*s + p*v. What is the greatest common divisor of s and 30?
30
Let a be 1*0*(-2 - -3). Suppose -6*z + a*z = -18. Let i be -118*z/18*-3. What is the highest common divisor of 59 and i?
59
Let l be 190/(-4)*(-24)/(-36)*-3. What is the greatest common factor of 17005 and l?
95
Suppose 87*j + 32 = 554. Calculate the highest common factor of j and 3846.
6
Suppose 0 = -5605*b + 5646*b - 14432. Calculate the highest common divisor of b and 32.
32
Let d be (-34)/102 - (-823)/3. Suppose 36 = 10*b - d. Calculate the greatest common factor of 217 and b.
31
Let i(w) = -6*w + 24. Suppose 3*n = 3*h + 48, n - 2*h - 18 = -0*h. Suppose -25*u + 27*u = -n. Let d be i(u). Calculate the highest common divisor of d and 6.
6
Let h be ((-124)/(-10))/(2/10). Let i = -53 + h. Let g be -2*(-1)/(-9) - (-38)/i. Calculate the greatest common factor of g and 52.
4
Let p(o) be the third derivative of -13/2*o**3 - o**2 + 0*o + 0 - 2/3*o**4 - 1/60*o**5. Let x be p(-8). What is the greatest common divisor of x and 25?
25
Let w(b) = b**3 + 54*b**2 + 498*b - 17. Let r be w(-12). Calculate the highest common factor of 671 and r.
11
Let y be 4/12 + 7*(-451)/(-231). Let h(g) = -g + 14. Let a be h(7). Let z = a - 5. What is the highest common divisor of z and y?
2
Let h(x) = 84*x - 20. Let r(z) = z**3 + 4*z**2 - 17*z. Let o be r(3). Let c be h(o). What is the greatest common factor of c and 76?
76
Suppose -4*t = -v - 8, 4*v + 1849*t = 1848*t + 19. Suppose 3*b = b. Suppose 2*i = -b*i + 20. What is the highest common divisor of i and v?
2
Suppose 2*k - 15 = -k, 4*q = 5*k + 4351. What is the greatest common factor of q and 2?
2
Let z = 1224 - 1209. What is the greatest common divisor of z and 96?
3
Let f(l) = 12*l**2 - 12*l - 12. Let q be f(-1). Let d(i) = -1 - 77*i - 13*i - 1 + 23*i. Let v be d(-2). What is the highest common divisor of v and q?
12
Suppose 4*r = -12 + 52. Let x(o) = 15*o**2 - 52*o + 38. Let i be x(4). What is the greatest common factor of r and i?
10
Let l(m) be the third derivative of m**6/120 -